actors of 1243512?
2, 3, 19, 101
List the prime factors of 117627.
3, 39209
List the prime factors of 53115.
3, 5, 3541
What are the prime factors of 1272438?
2, 3, 223, 317
List the prime factors of 3581853.
3, 11, 108541
What are the prime factors of 26648030?
2, 5, 23, 115861
List the prime factors of 280656.
2, 3, 1949
List the prime factors of 860246.
2, 23, 18701
What are the prime factors of 19625961?
3, 1409, 4643
List the prime factors of 168822.
2, 3, 83, 113
List the prime factors of 316747.
73, 4339
What are the prime factors of 662496?
2, 3, 67, 103
List the prime factors of 4829019.
3, 13, 123821
List the prime factors of 791973.
3, 7, 13, 967
List the prime factors of 477918.
2, 3, 7, 3793
What are the prime factors of 237214?
2, 83, 1429
List the prime factors of 6521139.
3, 37, 19583
List the prime factors of 326484.
2, 3, 3023
List the prime factors of 4689263.
17, 23, 67, 179
What are the prime factors of 461606?
2, 443, 521
What are the prime factors of 1187781?
3, 7, 163, 347
What are the prime factors of 1034330?
2, 5, 11, 9403
What are the prime factors of 154512?
2, 3, 29, 37
List the prime factors of 1007197.
283, 3559
What are the prime factors of 5724170?
2, 5, 572417
What are the prime factors of 3131188?
2, 29, 26993
List the prime factors of 7073985.
3, 5, 19, 24821
What are the prime factors of 748321?
7, 106903
List the prime factors of 12013880.
2, 5, 300347
What are the prime factors of 70453?
47, 1499
List the prime factors of 1820167.
277, 6571
List the prime factors of 5901638.
2, 2950819
What are the prime factors of 276778?
2, 138389
List the prime factors of 2865527.
7, 151, 2711
List the prime factors of 218647.
11, 13, 139
What are the prime factors of 8097940?
2, 5, 181, 2237
What are the prime factors of 1164376?
2, 145547
What are the prime factors of 16202997?
3, 131, 509
What are the prime factors of 11862441?
3, 19, 69371
List the prime factors of 3203068.
2, 11, 72797
List the prime factors of 18566202.
2, 3, 277, 11171
List the prime factors of 2177935.
5, 103, 4229
List the prime factors of 781602.
2, 3, 130267
What are the prime factors of 5549925?
3, 5, 73999
List the prime factors of 3061833.
3, 67, 15233
List the prime factors of 2468155.
5, 401, 1231
What are the prime factors of 3165406?
2, 1582703
List the prime factors of 14235.
3, 5, 13, 73
List the prime factors of 103482.
2, 3, 5749
What are the prime factors of 679355?
5, 83, 1637
List the prime factors of 40937.
13, 47, 67
List the prime factors of 949362.
2, 3, 158227
List the prime factors of 1357772.
2, 13, 26111
What are the prime factors of 2392353?
3, 227, 1171
What are the prime factors of 607717?
11, 101, 547
List the prime factors of 765428.
2, 61, 3137
List the prime factors of 2695462.
2, 7, 11, 23, 761
What are the prime factors of 360198?
2, 3, 20011
List the prime factors of 154549.
37, 4177
What are the prime factors of 1610103?
3, 11, 97, 503
List the prime factors of 3418026.
2, 3, 569671
List the prime factors of 1880623.
67, 28069
List the prime factors of 1044937.
149, 7013
What are the prime factors of 338543?
338543
List the prime factors of 913486.
2, 7, 71, 919
List the prime factors of 44880.
2, 3, 5, 11, 17
What are the prime factors of 1330053?
3, 47, 9433
What are the prime factors of 27780521?
29, 957949
List the prime factors of 678200.
2, 5, 3391
List the prime factors of 4143068.
2, 229, 4523
List the prime factors of 419040.
2, 3, 5, 97
List the prime factors of 385750.
2, 5, 1543
What are the prime factors of 7905602?
2, 599, 6599
List the prime factors of 2188974.
2, 3, 364829
What are the prime factors of 10091134?
2, 5045567
List the prime factors of 1593574.
2, 401, 1987
List the prime factors of 171465.
3, 5, 7, 23, 71
What are the prime factors of 341861?
13, 26297
What are the prime factors of 4231552?
2, 13, 2543
What are the prime factors of 403481?
13, 41, 757
List the prime factors of 177817.
41, 4337
What are the prime factors of 128511?
3, 109, 131
What are the prime factors of 6342856?
2, 13, 71, 859
What are the prime factors of 2673043?
557, 4799
List the prime factors of 53631.
3, 59, 101
List the prime factors of 15259750.
2, 5, 11, 31, 179
What are the prime factors of 6051881?
11, 17, 32363
List the prime factors of 131023.
131023
What are the prime factors of 1302289?
37, 61, 577
What are the prime factors of 1430744?
2, 7, 29, 881
List the prime factors of 2597700.
2, 3, 5, 7, 1237
List the prime factors of 1496913.
3, 11, 45361
What are the prime factors of 308332?
2, 19, 4057
What are the prime factors of 21095187?
3, 19, 370091
What are the prime factors of 2749143?
3, 173, 5297
What are the prime factors of 375212?
2, 19, 4937
List the prime factors of 20505188.
2, 11, 466027
What are the prime factors of 11237013?
3, 313, 3989
What are the prime factors of 24976380?
2, 3, 5, 11, 13, 41, 71
What are the prime factors of 87317?
87317
List the prime factors of 15365311.
13, 23, 59, 67
List the prime factors of 29573548.
2, 2113, 3499
List the prime factors of 27045910.
2, 5, 2704591
What are the prime factors of 1255830?
2, 3, 5, 41, 1021
List the prime factors of 4073221.
109, 37369
List the prime factors of 1209745.
5, 313, 773
List the prime factors of 374101.
7, 13, 4111
What are the prime factors of 1290334?
2, 17, 37951
What are the prime factors of 2678872?
2, 7, 47837
List the prime factors of 103277.
139, 743
List the prime factors of 1625674.
2, 89, 9133
List the prime factors of 8373454.
2, 1523, 2749
What are the prime factors of 769418?
2, 13, 101, 293
What are the prime factors of 450021?
3, 11, 13, 1049
List the prime factors of 196438.
2, 11, 8929
What are the prime factors of 244771?
151, 1621
List the prime factors of 289284.
2, 3, 24107
What are the prime factors of 2027264?
2, 7919
List the prime factors of 204665.
5, 40933
List the prime factors of 261941.
163, 1607
List the prime factors of 155744.
2, 31, 157
What are the prime factors of 358836?
2, 3, 17, 1759
List the prime factors of 92408.
2, 11551
List the prime factors of 2165082.
2, 3, 23, 29, 541
List the prime factors of 3691768.
2, 53, 8707
What are the prime factors of 1792465?
5, 37, 9689
List the prime factors of 1994464.
2, 62327
List the prime factors of 103580.
2, 5, 5179
List the prime factors of 527810.
2, 5, 47, 1123
List the prime factors of 7623151.
1399, 5449
What are the prime factors of 735848?
2, 59, 1559
List the prime factors of 9549556.
2, 41, 58229
What are the prime factors of 20777805?
3, 5, 83, 5563
What are the prime factors of 1870523?
139, 13457
What are the prime factors of 305858?
2, 7, 3121
List the prime factors of 732530.
2, 5, 17, 31, 139
List the prime factors of 199457.
199457
What are the prime factors of 867293?
7, 19, 6521
List the prime factors of 1860697.
71, 73, 359
What are the prime factors of 173355?
3, 5, 7, 13, 127
What are the prime factors of 4974837?
3, 7, 236897
What are the prime factors of 658824?
2, 3, 97, 283
List the prime factors of 18878209.
7, 929, 2903
What are the prime factors of 1435019?
149, 9631
What are the prime factors of 30801561?
3, 7, 1466741
What are the prime factors of 1845236?
2, 461309
What are the prime factors of 7976638?
2, 17, 283, 829
List the prime factors of 645769.
439, 1471
What are the prime factors of 5062145?
5, 11, 31, 2969
List the prime factors of 261226.
2, 7, 47, 397
What are the prime factors of 131401?
101, 1301
What are the prime factors of 359074?
2, 17, 59, 179
What are the prime factors of 452752?
2, 28297
List the prime factors of 1606324.
2, 53, 7577
What are the prime factors of 8594947?
73, 281, 419
List the prime factors of 1060900.
2, 5, 103
List the prime factors of 21989143.
11, 17, 6917
List the prime factors of 404047.
7, 197, 293
What are the prime factors of 7116596?
2, 1779149
What are the prime factors of 985782?
2, 3, 7, 479
List the prime factors of 3964966.
2, 1223, 1621
What are the prime factors of 5349180?
2, 3, 5, 89153
List the prime factors of 680059.
680059
List the prime factors of 6372347.
6372347
What are the prime factors of 138454?
2, 37, 1871
List the prime factors of 3694190.
2, 5, 369419
What are the prime factors of 18203767?
19, 313, 3061
What are the prime fa